 ten thousands digit of 148593?
4
What is the ten millions digit of 17549480?
1
What is the hundred thousands digit of 357305?
3
What is the thousands digit of 10151266?
1
What is the ten thousands digit of 6771424?
7
What is the hundreds digit of 1723491?
4
What is the hundreds digit of 2890058?
0
What is the ten thousands digit of 210393?
1
What is the ten thousands digit of 13472008?
7
What is the tens digit of 6662?
6
What is the thousands digit of 352723?
2
What is the ten thousands digit of 85131?
8
What is the thousands digit of 1913457?
3
What is the millions digit of 1096578?
1
What is the thousands digit of 342152?
2
What is the ten thousands digit of 991623?
9
What is the ten thousands digit of 1497555?
9
What is the hundred thousands digit of 7957206?
9
What is the millions digit of 1145987?
1
What is the tens digit of 230964?
6
What is the tens digit of 854536?
3
What is the thousands digit of 3070605?
0
What is the tens digit of 261654?
5
What is the hundred thousands digit of 3197475?
1
What is the units digit of 18610091?
1
What is the thousands digit of 754227?
4
What is the ten thousands digit of 26508234?
0
What is the thousands digit of 13097904?
7
What is the tens digit of 208753?
5
What is the thousands digit of 5718091?
8
What is the thousands digit of 16685860?
5
What is the ten thousands digit of 5988143?
8
What is the hundreds digit of 817014?
0
What is the hundreds digit of 505830?
8
What is the hundred thousands digit of 115462?
1
What is the units digit of 2381785?
5
What is the tens digit of 373551?
5
What is the ten thousands digit of 222573?
2
What is the tens digit of 483383?
8
What is the hundred thousands digit of 3340137?
3
What is the thousands digit of 1861506?
1
What is the units digit of 1785144?
4
What is the units digit of 622082?
2
What is the tens digit of 4987706?
0
What is the thousands digit of 4881499?
1
What is the hundreds digit of 15457561?
5
What is the hundreds digit of 8169953?
9
What is the tens digit of 528233?
3
What is the hundred thousands digit of 36747301?
7
What is the tens digit of 221797?
9
What is the hundred thousands digit of 959730?
9
What is the tens digit of 2758950?
5
What is the millions digit of 3592733?
3
What is the hundreds digit of 3136837?
8
What is the ten thousands digit of 136734?
3
What is the tens digit of 4053035?
3
What is the ten thousands digit of 264672?
6
What is the millions digit of 5144272?
5
What is the hundred thousands digit of 2273813?
2
What is the units digit of 86251?
1
What is the hundred thousands digit of 382033?
3
What is the tens digit of 6693278?
7
What is the thousands digit of 3882566?
2
What is the thousands digit of 1284676?
4
What is the tens digit of 135373?
7
What is the hundreds digit of 6662095?
0
What is the millions digit of 4101456?
4
What is the hundred thousands digit of 185570?
1
What is the hundred thousands digit of 6571832?
5
What is the units digit of 727610?
0
What is the hundred thousands digit of 861693?
8
What is the ten millions digit of 11593886?
1
What is the tens digit of 6278156?
5
What is the thousands digit of 370053?
0
What is the hundred thousands digit of 184215?
1
What is the tens digit of 14335725?
2
What is the thousands digit of 567112?
7
What is the hundred thousands digit of 28346455?
3
What is the thousands digit of 422558?
2
What is the hundred thousands digit of 435355?
4
What is the millions digit of 3062841?
3
What is the hundred thousands digit of 1065030?
0
What is the tens digit of 12941104?
0
What is the units digit of 1954423?
3
What is the hundred thousands digit of 10425475?
4
What is the ten thousands digit of 841526?
4
What is the thousands digit of 4414?
4
What is the ten thousands digit of 2101699?
0
What is the millions digit of 1231845?
1
What is the tens digit of 41567?
6
What is the tens digit of 337477?
7
What is the tens digit of 5934125?
2
What is the thousands digit of 5842593?
2
What is the millions digit of 1077479?
1
What is the ten thousands digit of 934788?
3
What is the hundred thousands digit of 120636?
1
What is the tens digit of 1104808?
0
What is the ten thousands digit of 8346471?
4
What is the hundreds digit of 69720?
7
What is the units digit of 18810707?
7
What is the thousands digit of 2490760?
0
What is the hundred thousands digit of 6571170?
5
What is the ten millions digit of 15008399?
1
What is the thousands digit of 22119?
2
What is the units digit of 29144483?
3
What is the hundreds digit of 5735738?
7
What is the hundred thousands digit of 9531910?
5
What is the thousands digit of 517235?
7
What is the ten thousands digit of 629026?
2
What is the thousands digit of 1540122?
0
What is the units digit of 174444?
4
What is the hundreds digit of 10793907?
9
What is the tens digit of 161642?
4
What is the units digit of 97393?
3
What is the hundreds digit of 6921?
9
What is the hundred thousands digit of 488955?
4
What is the hundreds digit of 278976?
9
What is the units digit of 3052826?
6
What is the hundreds digit of 23614824?
8
What is the hundreds digit of 3698321?
3
What is the ten millions digit of 10041640?
1
What is the hundreds digit of 5285994?
9
What is the units digit of 147060?
0
What is the tens digit of 435260?
6
What is the hundreds digit of 9058051?
0
What is the thousands digit of 203706?
3
What is the millions digit of 4672651?
4
What is the tens digit of 3069555?
5
What is the units digit of 154216?
6
What is the millions digit of 4228834?
4
What is the units digit of 170371?
1
What is the units digit of 5723552?
2
What is the hundreds digit of 761432?
4
What is the units digit of 85528?
8
What is the tens digit of 5464150?
5
What is the ten thousands digit of 1075568?
7
What is the tens digit of 185246?
4
What is the units digit of 58546?
6
What is the ten thousands digit of 504817?
0
What is the units digit of 1408698?
8
What is the tens digit of 1365746?
4
What is the tens digit of 2041132?
3
What is the millions digit of 1779539?
1
What is the units digit of 1194175?
5
What is the ten thousands digit of 77075?
7
What is the units digit of 611457?
7
What is the ten thousands digit of 804922?
0
What is the ten millions digit of 33238830?
3
What is the tens digit of 2006323?
2
What is the thousands digit of 3384406?
4
What is the units digit of 107861?
1
What is the millions digit of 3827982?
3
What is the ten thousands digit of 134764?
3
What is the units digit of 7136?
6
What is the ten thousands digit of 129401?
2
What is the thousands digit of 62422?
2
What is the units digit of 67627?
7
What is the hundred thousands digit of 9599647?
5
What is the ten thousands digit of 2012503?
1
What is the tens digit of 198423?
2
What is the tens digit of 3501208?
0
What is the hundred thousands digit of 367866?
3
What is the ten thousands digit of 4454481?
5
What is the hundred thousands digit of 4283955?
2
What is the tens digit of 9709797?
9
What is the ten thousands digit of 648062?
4
What is the millions digit of 30645500?
0
What is the hundreds digit of 31052341?
3
What is the millions digit of 38927940?
8
What is the hundred thousands digit of 7560033?
5
What is the ten thousands digit of 502288?
0
What is the thousands digit of 863685?
3
What is the thousands digit of 903541?
3
What is the tens digit of 173360?
6
What is the units digit of 20762010?
0
What is the units digit of 3728279?
9
What is the thousands digit of 8918512?
8
What is the tens digit of 29012286?
8
What is the hundreds digit of 179204?
2
What is the tens digit of 284514?
1
What is the thousands digit of 2869348?
9
What is the hundred thousands digit of 412398?
4
What is the units digit of 4323136?
6
What is the hundreds digit of 6169027?
0
What is the units digit of 27605?
5
What is the units digit of 12479676?
6
What is the tens digit of 626894?
9
What is the hundred thousands digit of 613741?
6
What is the millions digit of 1009741?
1
What is the hundred thousands digit of 7403371?
4
What is the units digit of 260137?
7
What is the thousands digit of 811837?
1
What is the thousands digit of 887580?
7
What is the hundred thousands digit of 228427?
2
What is the millions digit of 5636757?
5
What is the hundreds digit of 4732921?
9
What is the hundreds digit of 524021?